e?
False
Suppose 0 = 3*h - 4*i + 315, -h - 87 - 18 = 5*i. Let a = 21 + h. Let b = a - -121. Is b a prime number?
True
Suppose -45 = 3*w - 264. Is w/2 + 1/2 a composite number?
False
Let w(u) be the first derivative of u**4/12 + u**3/3 - u**2/2 - 3*u + 3. Let q(v) be the first derivative of w(v). Is q(-4) prime?
True
Is (-2)/((-1)/2171*2) a composite number?
True
Suppose 215 = 15*j - 10*j. Is j a prime number?
True
Suppose 2*h + 3*j = 2809, 0 = 5*h - 6*h + 2*j + 1415. Is h composite?
False
Let g(t) = -t**3 + 3*t**2 - t. Let y be g(2). Let w be y/(-9) - (-87)/27. Suppose -2*b = -w*h - 4*b + 53, 0 = -h + 2*b + 31. Is h a prime number?
False
Suppose -3*t = -5*j + j + 280, 2*j + 2*t - 140 = 0. Suppose 3*k = k + j. Is k a prime number?
False
Suppose 16 = a + 3*a. Suppose -4*w = -12 + a. Suppose r + 647 = 7*j - 3*j, -3*j = w*r - 499. Is j composite?
False
Let o(k) = 2*k**2 + 3*k + 6. Let s = 9 - 4. Suppose -2*x = -n + 21, -s*x - 3*n - 14 = 22. Is o(x) a composite number?
True
Let d be (-10)/10 + 1*-2. Let w = 29 + d. Is w composite?
True
Let z be 498*-1*(-5)/15. Suppose 5*r = -5*i + 210 - 1000, 0 = -r + 3*i - z. Let n = r - -229. Is n a prime number?
False
Suppose 9*z - 1231 = 8*z. Is z a prime number?
True
Suppose -8 = 8*a - 4*a, -3*a + 9 = 5*h. Suppose h*z + 0*z - 3*u - 495 = 0, 2*z + 4*u = 306. Is z a prime number?
False
Suppose a - 5*a = 0. Let y = -22 + 36. Suppose a*m - m = -y. Is m prime?
False
Let w = -9 + 22. Is (-2)/w - 12603/(-39) a prime number?
False
Suppose 3*t = -i + 859, 4*i + 841 + 315 = 4*t. Is t a composite number?
True
Let i = 428 + -21. Suppose i + 2605 = 4*c. Is c a composite number?
True
Let d be 8*(3/(-6))/(-1). Suppose -d*u - 10 = w, 2*u + 3*w + 6 = -2*u. Let k(b) = -7*b**3 - 3*b**2 + b. Is k(u) prime?
False
Let h be 1 + (42 - (2 + 1)). Suppose -u + h = 3*u. Is u a composite number?
True
Let s(k) = k**3 + 18*k**2 + 6*k - 1. Is s(-12) composite?
True
Let t = -1234 - -1863. Is t a composite number?
True
Let a(y) = -y**3 - 9*y**2 - y - 10. Let z be a(-9). Let j = 1 + z. Is 30 - (-1 - j - 0) a prime number?
True
Let f be 12/10 + 1/(-5). Let u be f + 1 + (-4)/(-2). Suppose -40 = -0*j - u*j. Is j prime?
False
Let q(h) = 54*h**2 - 2*h + 1. Is q(1) prime?
True
Let v = -230 - -117. Let m be (-8)/3*(-2583)/28. Let n = m + v. Is n a composite number?
True
Suppose -3*q + 16 = 5*g - 2, 2*q - 12 = -g. Let y = -5 + q. Is 214/4 + y/(-2) composite?
False
Let f(d) = d**2 - 11*d + 5. Let j be f(11). Suppose -3*s + j*n = 3*n - 1185, -4*s - 2*n + 1594 = 0. Is s a prime number?
True
Suppose 3*y + 651 = 5*q, -5*q + 0*y + 635 = 5*y. Suppose -2*c + q + 25 = 0. Suppose -3*i = -12, 6*i - i = -3*z + c. Is z composite?
False
Suppose 11*g + 99 = 14*g. Is g composite?
True
Let d(m) = -4*m**3 + 2*m**2 + m + 1. Let g be d(3). Let k = g + -43. Let o = k + 388. Is o a prime number?
False
Let l(j) = j**2 + 9*j + 7. Let x be l(-8). Is (77/(-14))/(x/142) prime?
False
Let c be 26/8 - 2/8. Suppose -4*s = -3*t - 343, -c*t - 5 = -2*t. Is s composite?
True
Let v(q) = q - 1. Let n(b) = 398*b + 5. Let x(w) = -n(w) - 2*v(w). Is x(-2) a composite number?
False
Let x(r) = -2*r - 7. Let f = -9 + 4. Let s be x(f). Suppose -s = -2*b + 5. Is b a composite number?
True
Suppose 5*o + g + 3 = o, 5*o = -5*g + 15. Is 220 + 1 + 2 + o a prime number?
False
Let o = 373 + -216. Is o a composite number?
False
Suppose 2372 - 131 = 3*m. Is (4/(-6))/((-2)/m) composite?
True
Let n(g) = g**2 + 6*g - 5. Let v be n(-7). Let o be (-729)/(-2) - v/(-4). Suppose 5*l = 5*x + o, 6*l - 405 = l - 5*x. Is l prime?
False
Let m = 12 + -9. Suppose -5*j - f = -441, m*j - f - 129 = 142. Is j a composite number?
False
Let f be ((-2)/(-4))/(2/(-8)). Let v be (-1)/f + (-6)/(-4). Let x(u) = 4*u**2 + 3*u - 1. Is x(v) a composite number?
True
Suppose 3*h - 4*t - 2015 = 0, 5*h - 3*t - 3393 = -5*t. Is h a prime number?
True
Let b(k) = -k + 2. Let j be b(0). Suppose -4*r + i = -r + 672, -4*i + 438 = -j*r. Is ((-2)/(-6))/((-3)/r) composite?
True
Is (566 - 1)/(2*1/2) prime?
False
Let q = 2 + -1. Suppose 0 = c - b - 2, q = -b + 3. Suppose c*r - 173 = j, 3*j = r + 11 - 57. Is r prime?
True
Let l(b) = b**2 - 2*b - 16. Suppose 4*y - y = 5*h - 68, -3*h - 4*y = -35. Is l(h) a prime number?
True
Suppose -2*y - 12 = -4*j, 2*j - 4*j = y + 18. Is (-417)/(-5) + y/30 composite?
False
Suppose -a - 2*a = -120. Suppose -j - 2*o = o - a, 4*j = 2*o + 174. Is j composite?
False
Suppose -16 = 2*k - 2*p, -4*k - 3*p + 0*p = 4. Is 2/(-4) + (-330)/k prime?
False
Let a(f) = -13*f + 2. Let c be a(-8). Suppose 5*z - c = -11. Is z prime?
True
Let g(r) = -r**3 - 5*r**2 - 5*r + 3. Suppose -15 = 4*v - v, -5*y - 5*v = 25. Let c be (-6)/(y + 3/2). Is g(c) composite?
False
Let v(l) = 11*l + 2. Let r be v(2). Suppose -4*h = -4*s + r, 5*s - 2*h + 5*h - 14 = 0. Is ((-278)/4)/(s/(-8)) a composite number?
False
Let i = 10 + -8. Suppose 0 = -5*v + 3*b + 575, -5*v + 345 = -i*v - 4*b. Is v a composite number?
True
Suppose -400 = -4*u + 24. Suppose -3*w + 535 = u. Is w a prime number?
False
Let k = -326 - -537. Is k a composite number?
False
Suppose 4*c + c - 1115 = 0. Is c a composite number?
False
Suppose 0*h = 5*h - 645. Suppose m + 2*m = h. Is m prime?
True
Suppose 0 = u - r - 24, -4*u + 18 + 33 = 5*r. Let a = u - -63. Is a composite?
True
Let b(u) = u**2 - 7*u + 5. Let c be b(7). Is 93 - ((-4 - -1) + c) a composite number?
True
Let p = 289 + -122. Is p composite?
False
Suppose -636 = -5*z - z. Is z a composite number?
True
Let p = -114 - -64. Let u = -15 - p. Is u a prime number?
False
Let c = -3 + -1. Let i(x) = 4*x**2 + x + 2. Let f be i(c). Let p = f - 27. Is p composite?
True
Suppose z - 8 + 2 = 0. Suppose 3*j - z*j = -201. Is j a composite number?
False
Let v(k) = -9*k**2 - 15*k - 13. Let u(n) = 8*n**2 + 14*n + 12. Let q(s) = 6*u(s) + 5*v(s). Is q(-7) prime?
False
Let x = 317 - -102. Is x a composite number?
False
Let a = 1308 - 631. Is a a prime number?
True
Let r(f) = 0*f + 0*f + 4 + 3*f - 2*f + 60*f**2. Let b = -11 + 8. Is r(b) a composite number?
False
Let t = -11 + 850. Is t a prime number?
True
Suppose 0 = -3*w + 3*y + 123, w - 6*y = -y + 45. Suppose 0 = 5*a - w - 130. Is a composite?
True
Suppose -2*o + 0*o + 8 = 0. Suppose 9*w = o*w + 15. Is ((-51)/4)/(w/(-8)) a prime number?
False
Let w be (-2 - 0) + 5*1. Suppose -c + 2*o = -4*c - 26, -w*c = -o + 14. Let d = 13 + c. Is d composite?
False
Suppose 2*x - 125 = -3*x. Suppose -5*m + 25 = 5*b, 0*b + 5*b = -3*m + x. Suppose -5*c - 3 = -5*y + 2, 5 = b*c. Is y prime?
True
Suppose v + 949 = 4*v + 2*b, 0 = -4*v + b + 1269. Is v a composite number?
False
Is -2 + (-11394)/(-6)*(-2)/(-6) a prime number?
True
Suppose 11*y - 7*y = 5532. Is y a composite number?
True
Let v = 15 + -49. Let b = -23 - v. Is b a composite number?
False
Let j(a) = -59*a**3 + 3*a**2 - 29*a + 9. Let u(c) = -20*c**3 + c**2 - 10*c + 3. Let d(o) = -6*j(o) + 17*u(o). Is d(2) prime?
True
Let i = -8 - -8. Suppose 0 = -i*r - 4*r + 4. Suppose -151 = -t - 3*v, v = 3 - r. Is t composite?
True
Suppose 0 = 3*d - c - 30, -d + 2*d = 5*c + 10. Suppose 0 = -0*h - 5*h + d. Suppose -h*x + 124 = 2*x. Is x prime?
True
Suppose -24 = -9*f + 5*f. Suppose -f*l + 307 = -5*l. Is l composite?
False
Suppose -4*h = 2*q - 30, -h - 4*q = h. Suppose u - h = -3. Is u prime?
True
Suppose -5*l = -713 - 1402. Let s = -31 + 31. Suppose 3*b - 4*q + q - l = s, 5*b + 2*q = 740. Is b prime?
False
Let y = -305 + 587. Let b be (1 - 2) + -1 - -5. Suppose 0*l - y = -b*l. Is l composite?
True
Let m be (0 - -13)/((-5)/(-10)). Suppose -3*s + 1 = -2, 4*q - 2*s = -m. Is ((-127)/(-3))/((-2)/q) a prime number?
True
Let d = 8 - 6. Suppose -3*l + 5 - d = 0. Is (2 - 3)*l*-19 a composite number?
False
Suppose -79 + 352 = i. Is i/12 + (-2)/(-8) a composite number?
False
Let x(d) = 2 - d**2 - d**3 - d + 8*d**2 + 0 + 6*d. Is x(7) composite?
False
Is (-2)/((-10)/15) - 149*-2 a composite number?
True
Let r be 42/8 + 2/(-8). Let u(q) = -5*q - 1 + 5 + 2*q**2 - r. Is u(4) composite?
False
Suppose -x + 16 = -2*t - 5*x, 4*t + 4*x = -16. Suppose -w - w + 98 = t. Is w a prime number?
False
Suppose -2*z = 2*z + 100. Let s = 71 + z. Is s composite?
True
Suppose -3*y + y + 240 = -2*t, y + 5*t = 108. Is y a prime number?
False
Suppose 9241 - 1687 = 6*g. Is g prime?
True
Suppose -2*s + s + 5*o + 1